In base 3, what is -200100 - -1200?
-121200
In base 11, what is 5a0 - 14a283?
-149793
In base 16, what is -e18 + -1c?
-e34
In base 6, what is -2 + 2024205400?
2024205354
In base 14, what is -7c1 + -1825?
-2206
In base 16, what is 5ec0f4 + -2?
5ec0f2
In base 13, what is 1078 + 4a247?
4b2c2
In base 16, what is -6 - 1c4d751?
-1c4d757
In base 7, what is 4504 - 2310?
2164
In base 15, what is 21cda05 + e?
21cda14
In base 15, what is -ad71 - 430?
-b2a1
In base 7, what is 0 + -1023054066?
-1023054066
In base 3, what is -101000001 + 111102?
-100111122
In base 15, what is -7e2a - -32e?
-7aeb
In base 9, what is -21 + 1215123?
1215102
In base 15, what is -613a32 + 46?
-6139db
In base 11, what is -71 + 117214?
117153
In base 15, what is -1 + 39a54?
39a53
In base 8, what is 1075 - -4025?
5122
In base 9, what is -374547016 + 5?
-374547011
In base 10, what is 11 + -9129047?
-9129036
In base 12, what is -3 + 997466?
997463
In base 11, what is 1170 - 304a?
-198a
In base 2, what is 1100000001 - 1101011001000011?
-1101001101000010
In base 10, what is -7851124 - -1?
-7851123
In base 12, what is -38 + -211380?
-2113b8
In base 5, what is 201 - -233312310?
233313011
In base 5, what is 1241 + -344222103?
-344220312
In base 4, what is -323033 - -131132?
-131301
In base 6, what is 5 - 10433050?
-10433041
In base 3, what is -101222 + -10021222200?
-10022101122
In base 11, what is -488048 + -1?
-488049
In base 9, what is 24708 - 18311?
5387
In base 16, what is -2f64 + -47?
-2fab
In base 16, what is -4 - -424940?
42493c
In base 15, what is -1b3 + -14154?
-14317
In base 14, what is -90b9a6 + -28?
-90b9d0
In base 8, what is 402 + 127370?
127772
In base 11, what is 1a + 8796a27?
8796a46
In base 5, what is -223312302303 - 4?
-223312302312
In base 10, what is 5 - -4673187?
4673192
In base 4, what is -3232320322 + 10333?
-3232303323
In base 2, what is -100 - 1010000111000110111111?
-1010000111000111000011
In base 3, what is -101110102 + -12110021?
-120220200
In base 7, what is 11234655 + -3?
11234652
In base 16, what is -33714 + 2e?
-336e6
In base 2, what is -11110100011101 + -111111111000001?
-1011110011011110
In base 15, what is a000 - -7bc?
a7bc
In base 6, what is 211034344001 - 1?
211034344000
In base 6, what is 351 + 13135513?
13140304
In base 11, what is 8763 + -903?
7960
In base 16, what is 49f - -9d1d?
a1bc
In base 2, what is 11010000011010000011010 - 11011?
11010000011001111111111
In base 13, what is -51b536 - 14?
-51b54a
In base 14, what is -15b1 + 2754?
1183
In base 16, what is 2209a + 16?
220b0
In base 2, what is -110000101001100110101000 - -1100?
-110000101001100110011100
In base 9, what is -5 + -331264011?
-331264016
In base 14, what is 1a4780 - 2?
1a477c
In base 15, what is 24e34 - 3?
24e31
In base 2, what is -111101110010101101 + -1001?
-111101110010110110
In base 10, what is 12863 - -138?
13001
In base 15, what is -5 + b876a2?
b8769c
In base 5, what is -210440230 + 31?
-210440144
In base 2, what is -101110000101111000100 - -1010111111?
-101110000100100000101
In base 10, what is -1 - 10037242?
-10037243
In base 8, what is 5743411 - 11?
5743400
In base 14, what is -d510c67 - -4?
-d510c63
In base 3, what is -11200101 - -10111?
-11112220
In base 7, what is 563136 - 13263?
546543
In base 16, what is d0 + 37a8?
3878
In base 3, what is -21200 - 10101210100?
-10102002000
In base 11, what is 15074299 + -3?
15074296
In base 13, what is 273634b - -5?
2736353
In base 8, what is -6671244 + 175?
-6671047
In base 7, what is 2416234 + 10?
2416244
In base 4, what is -1013230332231 - 2?
-1013230332233
In base 4, what is 110302122 + -111?
110302011
In base 4, what is -10 + -131331002001?
-131331002011
In base 5, what is 421240122 + 244?
421240421
In base 10, what is 22676163 - 11?
22676152
In base 10, what is 3 - 2735479?
-2735476
In base 6, what is -2444 - -24032330?
24025442
In base 9, what is -258820 + -8276?
-268206
In base 13, what is 7b8 + -141?
677
In base 14, what is 2ca9 + 363c1?
3928a
In base 2, what is -10101101010111110011 - -101111?
-10101101010111000100
In base 7, what is -15466 - 4564?
-23363
In base 14, what is 5 - -1aadb9?
1aadc0
In base 14, what is -a74 + 3a21?
2d8b
In base 13, what is -11c3 - -1127ac?
1115b9
In base 3, what is 210 + -12001001012?
-12001000102
In base 5, what is 144 + -23142420?
-23142221
In base 3, what is 10020010 + 1212022?
12002102
In base 14, what is 96db + -130?
95ab
In base 7, what is -1416603 - -2?
-1416601
In base 16, what is -31e + -2989?
-2ca7
In base 14, what is -66126b4c - 0?
-66126b4c
In base 6, what is 21 - 3134001?
-3133540
In base 5, what is -30313340202 + -22?
-30313340224
In base 16, what is -1c - -8528d?
85271
In base 10, what is -6687 - -18192?
11505
In base 4, what is 11 - 313333211013?
-313333211002
In base 5, what is -4311 - -2241034?
2231223
In base 13, what is -1 + 11bc7963?
11bc7962
In base 7, what is -355363 - -113?
-355250
In base 15, what is -4e7a07 - 3?
-4e7a0a
In base 4, what is 10 + -2200330013000?
-2200330012330
In base 5, what is 2242302 + 100013?
2342320
In base 15, what is 1d35 + 643?
2478
In base 13, what is -4 + -75908?
-7590c
In base 6, what is 1531 + 122350215?
122352150
In base 9, what is 114655381 + -1?
114655380
In base 6, what is 405 - -332350?
333155
In base 11, what is -99 + -2246?
-2334
In base 7, what is -12563645 - 130?
-12564105
In base 2, what is -100001001110010010001011 + 0?
-100001001110010010001011
In base 14, what is -2 - 52d48c0?
-52d48c2
In base 15, what is 6 + -3050a2?
-30509b
In base 14, what is 480a87 - -5?
480a8c
In base 13, what is -654c75 - 5?
-654c7a
In base 15, what is 0 + -1669907d?
-1669907d
In base 8, what is -534 + -374644?
-375400
In base 16, what is -1a19a + 9b?
-1a0ff
In base 15, what is -182959 - 13?
-18296c
In base 9, what is 2 + 7761486?
7761488
In base 6, what is 1231021 - 52034?
1134543
In base 10, what is 179 - 55854?
-55675
In base 11, what is -119 - -1095a?
10841
In base 8, what is 2474 + -10051?
-5355
In base 15, what is 4 - 168bb0?
-168bab
In base 13, what is -75b3067 - -4?
-75b3063
In base 6, what is -1 + -211544411?
-211544412
In base 7, what is 4 + -324550546?
-324550542
In base 5, what is 20032143 - -43?
20032241
In base 4, what is -22322133 + -202222?
-23131021
In base 15, what is -2 - -b3168?
b3166
In base 3, what is -11111210221012 + -10?
-11111210221022
In base 10, what is 410 - -17870?
18280
In base 11, what is 0 - -1099339a?
1099339a
In base 6, what is -1154200 - 5030?
-1203230
In base 10, what is 24 - -2388810?
2388834
In base 10, what is 17 - 1297642?
-1297625
In base 4, what is -212210320 + -33?
-212211013
In base 8, what is 60 + 140626?
140706
In base 5, what is 2210 + -3211302?
-3204042
In base 7, what is -2422 - -361346?
355624
In base 8, what is 211767 - -45546?
257535
In base 15, what is 12de - -2151?
3440
In base 13, what is -7 - 119b04c?
-119b056
In base 15, what is 2 + 3d859d5?
3d859d7
In base 10, what is 6580146 + -2?
6580144
In base 3, what is 100221110 + -100211202?
2201
In base 16, what is -4 + -ae9474?
-ae9478
In base 3, what is -1212 + 2011121200?
2011112211
In base 6, what is 304310 + -5231?
255035
In base 14, what is 0 + -a15d585?
-a15d585
In base 2, what is -1010000101101101101001 + 110?
-1010000101101101100011
In base 11, what is 6676 + -409?
6268
In base 8, what is -31 + -6715247?
-6715300
In base 9, what is -10722266 + 11?
-10722255
In base 14, what is 128a6d60 + -4?
128a6d5a
In base 15, what is -45d8 + 220?
-43b8
In base 3, what is -10122 - 1102122002011?
-1102122012210
In base 5, what is -142244 - -32430?
-104314
In base 2, what is -110011010111101010 - 11001?
-110011011000000011
In base 8, what is -2236 - -47051?
44613
In base 15, what is -1029ec - 42?
-102a3e
In base 10, what is 95 - 479311?
-479216
In base 11, what is -a8268424 - 4?
-a8268428
In base 3, what is 221 - 22020112102?
-22020111111
In base 8, what is -3 + 212165320?
212165315
In base 14, what is 262 - -aa43?
aca5
In base 12, what is 5 - 32102161?
-32102158
In base 10, what is 143162 - -19?
143181
In base 12, what is 1 - 3b6712?
-3b6711
In base 7, what is -12 + 1144655061?
1144655046
In base 14, what is 2a6 + -1ab80?
-1a8b8
In base 12, what is -173ab98 + -27?
-173b003
In base 12, what is 17027a1 + 2?
17027a3
In base 9, what is -2 + -32483286?
-32483288
In base 1